[INFO] fetching crate hakoniwa 0.4.6...
[INFO] checking hakoniwa-0.4.6 against master#e6e4f7ed1589e03bc2f6c5931c1a72e7947e8682 for beta-170-4
[INFO] extracting crate hakoniwa 0.4.6 into /workspace/builds/worker-6-tc2/source
[INFO] validating manifest of crates.io crate hakoniwa 0.4.6 on toolchain e6e4f7ed1589e03bc2f6c5931c1a72e7947e8682
[INFO] running `Command { std: CARGO_HOME="/workspace/cargo-home" RUSTUP_HOME="/workspace/rustup-home" "/workspace/cargo-home/bin/cargo" "+e6e4f7ed1589e03bc2f6c5931c1a72e7947e8682" "metadata" "--manifest-path" "Cargo.toml" "--no-deps", kill_on_drop: false }`
[INFO] started tweaking crates.io crate hakoniwa 0.4.6
[INFO] finished tweaking crates.io crate hakoniwa 0.4.6
[INFO] tweaked toml for crates.io crate hakoniwa 0.4.6 written to /workspace/builds/worker-6-tc2/source/Cargo.toml
[INFO] crate crates.io crate hakoniwa 0.4.6 already has a lockfile, it will not be regenerated
[INFO] running `Command { std: CARGO_HOME="/workspace/cargo-home" RUSTUP_HOME="/workspace/rustup-home" "/workspace/cargo-home/bin/cargo" "+e6e4f7ed1589e03bc2f6c5931c1a72e7947e8682" "fetch" "--manifest-path" "Cargo.toml", kill_on_drop: false }`
[INFO] running `Command { std: "docker" "create" "-v" "/var/lib/crater-agent-workspace/builds/worker-6-tc2/target:/opt/rustwide/target:rw,Z" "-v" "/var/lib/crater-agent-workspace/builds/worker-6-tc2/source:/opt/rustwide/workdir:ro,Z" "-v" "/var/lib/crater-agent-workspace/cargo-home:/opt/rustwide/cargo-home:ro,Z" "-v" "/var/lib/crater-agent-workspace/rustup-home:/opt/rustwide/rustup-home:ro,Z" "-e" "SOURCE_DIR=/opt/rustwide/workdir" "-e" "CARGO_TARGET_DIR=/opt/rustwide/target" "-e" "CARGO_HOME=/opt/rustwide/cargo-home" "-e" "RUSTUP_HOME=/opt/rustwide/rustup-home" "-w" "/opt/rustwide/workdir" "-m" "1610612736" "--user" "0:0" "--network" "none" "ghcr.io/rust-lang/crates-build-env/linux@sha256:19e73879b68f455e41552ea35293514db52ea292d993f571636dbffedb77a1ee" "/opt/rustwide/cargo-home/bin/cargo" "+e6e4f7ed1589e03bc2f6c5931c1a72e7947e8682" "metadata" "--no-deps" "--format-version=1", kill_on_drop: false }`
[INFO] [stdout] 7a7513141f4703372a92d2d141b192d8bbb080ee427aa841d2c9450140d84745
[INFO] running `Command { std: "docker" "start" "-a" "7a7513141f4703372a92d2d141b192d8bbb080ee427aa841d2c9450140d84745", kill_on_drop: false }`
[INFO] running `Command { std: "docker" "inspect" "7a7513141f4703372a92d2d141b192d8bbb080ee427aa841d2c9450140d84745", kill_on_drop: false }`
[INFO] running `Command { std: "docker" "rm" "-f" "7a7513141f4703372a92d2d141b192d8bbb080ee427aa841d2c9450140d84745", kill_on_drop: false }`
[INFO] [stdout] 7a7513141f4703372a92d2d141b192d8bbb080ee427aa841d2c9450140d84745
[INFO] running `Command { std: "docker" "create" "-v" "/var/lib/crater-agent-workspace/builds/worker-6-tc2/target:/opt/rustwide/target:rw,Z" "-v" "/var/lib/crater-agent-workspace/builds/worker-6-tc2/source:/opt/rustwide/workdir:ro,Z" "-v" "/var/lib/crater-agent-workspace/cargo-home:/opt/rustwide/cargo-home:ro,Z" "-v" "/var/lib/crater-agent-workspace/rustup-home:/opt/rustwide/rustup-home:ro,Z" "-e" "SOURCE_DIR=/opt/rustwide/workdir" "-e" "CARGO_TARGET_DIR=/opt/rustwide/target" "-e" "CARGO_INCREMENTAL=0" "-e" "RUST_BACKTRACE=full" "-e" "RUSTFLAGS=--cap-lints=forbid" "-e" "RUSTDOCFLAGS=--cap-lints=forbid" "-e" "CARGO_HOME=/opt/rustwide/cargo-home" "-e" "RUSTUP_HOME=/opt/rustwide/rustup-home" "-w" "/opt/rustwide/workdir" "-m" "1610612736" "--user" "0:0" "--network" "none" "ghcr.io/rust-lang/crates-build-env/linux@sha256:19e73879b68f455e41552ea35293514db52ea292d993f571636dbffedb77a1ee" "/opt/rustwide/cargo-home/bin/cargo" "+e6e4f7ed1589e03bc2f6c5931c1a72e7947e8682" "check" "--frozen" "--all" "--all-targets" "--message-format=json", kill_on_drop: false }`
[INFO] [stdout] 512d025da1a13bcfb1b92e9d1a789da2fc8fee54d09d571ef0606ce5b8034638
[INFO] running `Command { std: "docker" "start" "-a" "512d025da1a13bcfb1b92e9d1a789da2fc8fee54d09d571ef0606ce5b8034638", kill_on_drop: false }`
[INFO] [stderr]    Compiling proc-macro2 v1.0.43
[INFO] [stderr]    Compiling unicode-ident v1.0.3
[INFO] [stderr]    Compiling syn v1.0.99
[INFO] [stderr]    Compiling serde_derive v1.0.144
[INFO] [stderr]    Compiling serde v1.0.144
[INFO] [stderr]     Checking regex-syntax v0.6.27
[INFO] [stderr]    Compiling libc v0.2.132
[INFO] [stderr]    Compiling generic-array v0.14.6
[INFO] [stderr]    Compiling ucd-trie v0.1.5
[INFO] [stderr]    Compiling num-traits v0.2.15
[INFO] [stderr]    Compiling typenum v1.15.0
[INFO] [stderr]    Compiling memchr v2.5.0
[INFO] [stderr]     Checking aho-corasick v0.7.19
[INFO] [stderr]    Compiling log v0.4.17
[INFO] [stderr]    Compiling once_cell v1.14.0
[INFO] [stderr]    Compiling same-file v1.0.6
[INFO] [stderr]    Compiling cpufeatures v0.2.5
[INFO] [stderr]    Compiling opaque-debug v0.3.0
[INFO] [stderr]    Compiling walkdir v2.3.2
[INFO] [stderr]     Checking bstr v0.2.17
[INFO] [stderr]    Compiling serde_json v1.0.85
[INFO] [stderr]    Compiling pkg-config v0.3.25
[INFO] [stderr]    Compiling libseccomp-sys v0.2.1
[INFO] [stderr]    Compiling virtue v0.0.7
[INFO] [stderr]     Checking digest v0.9.0
[INFO] [stderr]     Checking block-buffer v0.9.0
[INFO] [stderr]     Checking itoa v1.0.3
[INFO] [stderr]     Checking std_prelude v0.2.12
[INFO] [stderr]     Checking sha2 v0.9.9
[INFO] [stderr]     Checking iana-time-zone v0.1.47
[INFO] [stderr]     Checking fastrand v1.8.0
[INFO] [stderr]    Compiling quote v1.0.21
[INFO] [stderr]    Compiling libseccomp v0.2.3
[INFO] [stderr]    Compiling bincode_derive v2.0.0-rc.1
[INFO] [stderr]     Checking num-integer v0.1.45
[INFO] [stderr]    Compiling regex v1.6.0
[INFO] [stderr]     Checking time v0.1.44
[INFO] [stderr]     Checking nix v0.25.0
[INFO] [stderr]    Compiling globset v0.4.9
[INFO] [stderr]     Checking stfu8 v0.2.5
[INFO] [stderr]    Compiling rust-embed-utils v7.2.0
[INFO] [stderr]    Compiling thiserror-impl v1.0.34
[INFO] [stderr]    Compiling rust-embed-impl v6.2.0
[INFO] [stderr]     Checking rust-embed v6.4.0
[INFO] [stderr]    Compiling thiserror v1.0.34
[INFO] [stderr]    Compiling pest v2.3.0
[INFO] [stderr]    Compiling pest_meta v2.3.0
[INFO] [stderr]    Compiling pest_generator v2.3.0
[INFO] [stderr]    Compiling pest_derive v2.3.0
[INFO] [stderr]     Checking toml v0.5.9
[INFO] [stderr]     Checking path_abs v0.5.1
[INFO] [stderr]     Checking chrono v0.4.22
[INFO] [stderr]     Checking bincode v2.0.0-rc.1
[INFO] [stderr]     Checking handlebars v4.3.3
[INFO] [stderr]     Checking hakoniwa v0.4.6 (/opt/rustwide/workdir)
[INFO] [stdout] error: proc-macro derive panicked
[INFO] [stdout]  --> tests/sandbox_policy_test.rs:7:18
[INFO] [stdout]   |
[INFO] [stdout] 7 |         #[derive(RustEmbed)]
[INFO] [stdout]   |                  ^^^^^^^^^
[INFO] [stdout]   |
[INFO] [stdout]   = help: message: #[derive(RustEmbed)] folder '/opt/rustwide/workdir/../hakoniwa-cli/src/embed' does not exist. cwd: '/opt/rustwide/workdir'
[INFO] [stdout] 
[INFO] [stdout] 
[INFO] [stdout] error: proc-macro derive panicked
[INFO] [stdout]   --> tests/sandbox_policy_test.rs:95:18
[INFO] [stdout]    |
[INFO] [stdout] 95 |         #[derive(rust_embed::RustEmbed)]
[INFO] [stdout]    |                  ^^^^^^^^^^^^^^^^^^^^^
[INFO] [stdout]    |
[INFO] [stdout]    = help: message: #[derive(RustEmbed)] folder '/opt/rustwide/workdir/../hakoniwa-cli/examples' does not exist. cwd: '/opt/rustwide/workdir'
[INFO] [stdout] 
[INFO] [stdout] 
[INFO] [stdout] error[E0599]: no function or associated item named `get` found for struct `kiss_policy_toml::Embed` in the current scope
[INFO] [stdout]   --> tests/sandbox_policy_test.rs:15:49
[INFO] [stdout]    |
[INFO] [stdout] 9  |         pub struct Embed;
[INFO] [stdout]    |         ---------------- function or associated item `get` not found for this struct
[INFO] [stdout] ...
[INFO] [stdout] 15 |                     std::str::from_utf8(&Embed::get("KISS-policy.toml").unwrap().data).unwrap(),
[INFO] [stdout]    |                                                 ^^^ function or associated item not found in `Embed`
[INFO] [stdout]    |
[INFO] [stdout]    = help: items from traits can only be used if the trait is implemented and in scope
[INFO] [stdout]    = note: the following traits define an item `get`, perhaps you need to implement one of them:
[INFO] [stdout]            candidate #1: `SliceIndex`
[INFO] [stdout]            candidate #2: `nix::sys::socket::GetSockOpt`
[INFO] [stdout]            candidate #3: `RustEmbed`
[INFO] [stdout] 
[INFO] [stdout] 
[INFO] [stdout] error[E0599]: no function or associated item named `iter` found for struct `examples_policies::Embed` in the current scope
[INFO] [stdout]    --> tests/sandbox_policy_test.rs:105:36
[INFO] [stdout]     |
[INFO] [stdout] 98  |         pub struct Embed;
[INFO] [stdout]     |         ---------------- function or associated item `iter` not found for this struct
[INFO] [stdout] ...
[INFO] [stdout] 105 |             for filepath in Embed::iter() {
[INFO] [stdout]     |                                    ^^^^ function or associated item not found in `Embed`
[INFO] [stdout]     |
[INFO] [stdout]     = help: items from traits can only be used if the trait is implemented and in scope
[INFO] [stdout]     = note: the following traits define an item `iter`, perhaps you need to implement one of them:
[INFO] [stdout]             candidate #1: `path_abs::PathInfo`
[INFO] [stdout]             candidate #2: `RustEmbed`
[INFO] [stdout] 
[INFO] [stdout] 
[INFO] [stdout] error[E0599]: no function or associated item named `get` found for struct `examples_policies::Embed` in the current scope
[INFO] [stdout]    --> tests/sandbox_policy_test.rs:106:35
[INFO] [stdout]     |
[INFO] [stdout] 98  |         pub struct Embed;
[INFO] [stdout]     |         ---------------- function or associated item `get` not found for this struct
[INFO] [stdout] ...
[INFO] [stdout] 106 |                 let file = Embed::get(&filepath).unwrap();
[INFO] [stdout]     |                                   ^^^ function or associated item not found in `Embed`
[INFO] [stdout]     |
[INFO] [stdout]     = help: items from traits can only be used if the trait is implemented and in scope
[INFO] [stdout]     = note: the following traits define an item `get`, perhaps you need to implement one of them:
[INFO] [stdout]             candidate #1: `SliceIndex`
[INFO] [stdout]             candidate #2: `nix::sys::socket::GetSockOpt`
[INFO] [stdout]             candidate #3: `RustEmbed`
[INFO] [stdout] 
[INFO] [stdout] 
[INFO] [stdout] error: aborting due to 5 previous errors
[INFO] [stdout] 
[INFO] [stdout] 
[INFO] [stdout] For more information about this error, try `rustc --explain E0599`.
[INFO] [stdout] 
[INFO] [stderr] error: could not compile `hakoniwa` (test "sandbox_policy_test") due to 6 previous errors
[INFO] [stderr] warning: build failed, waiting for other jobs to finish...
[INFO] running `Command { std: "docker" "inspect" "512d025da1a13bcfb1b92e9d1a789da2fc8fee54d09d571ef0606ce5b8034638", kill_on_drop: false }`
[INFO] running `Command { std: "docker" "rm" "-f" "512d025da1a13bcfb1b92e9d1a789da2fc8fee54d09d571ef0606ce5b8034638", kill_on_drop: false }`
[INFO] [stdout] 512d025da1a13bcfb1b92e9d1a789da2fc8fee54d09d571ef0606ce5b8034638
